{"id":1100,"date":"2024-03-05T09:07:53","date_gmt":"2024-03-05T08:07:53","guid":{"rendered":"http:\/\/fwmt.pk.edu.pl\/?page_id=1100"},"modified":"2024-03-05T09:09:16","modified_gmt":"2024-03-05T08:09:16","slug":"rozlicz-pit","status":"publish","type":"page","link":"https:\/\/fwmt.pk.edu.pl\/?page_id=1100","title":{"rendered":"Rozlicz PIT"},"content":{"rendered":"\n<p><h3>Przeka\u017c 1,5% podatku dochodowego Fundacji Wspierania M\u0142odych Talent\u00f3w<\/h3><\/p>\n\n\n\n<p>Podatnicy podatku dochodowego od os\u00f3b fizycznych mog\u0105 w zeznaniu rocznym pomniejszy\u0107 nale\u017cny podatek o kwot\u0119 przekazan\u0105 na rzecz organizacji po\u017cytku publicznego do wysoko\u015bci 1,5% nale\u017cnego podatku.<\/p>\n\n\n\n<p><br>Niewa\u017cne, ile zarabiasz i jak wysoki jest Tw\u00f3j 1,5% podatku \u2013 ka\u017cda kwota mo\u017ce pom\u00f3c Fundacji Wspierania M\u0142odych Talent\u00f3w Profesora Janusza Magiery w realizowaniu statutowych cel\u00f3w.<\/p>\n\n\n\n<p><strong>Kto ma prawo odliczy\u0107 1,5% podatku?<\/strong><\/p>\n\n\n\n<p>Odliczenie, kt\u00f3re kieruje cz\u0119\u015b\u0107 zap\u0142aconego przez nas podatku na rzecz organizacji po\u017cytku publicznego, dotyczy wszystkich dochod\u00f3w opodatkowanych. Z takiego przekazania cz\u0119\u015bci podatku skorzysta\u0107 mog\u0105 wi\u0119c podatnicy, opodatkowani:<\/p>\n\n\n\n<ul class=\"wp-block-list\">\n<li>na zasadach og\u00f3lnych, czyli na podstawie skali podatkowej (niezale\u017cnie od \u017ar\u00f3d\u0142a, np. umowy o prac\u0119, zlecenia, praw autorskich, zbycia akcji),<\/li>\n\n\n\n<li>rycza\u0142tem od przychod\u00f3w ewidencjonowanych<\/li>\n\n\n\n<li>podatnicy rozliczaj\u0105cy przychody rycza\u0142towe wskazane w ustawie o PIT \u2013 zbycie nieruchomo\u015bci, kapita\u0142y pieni\u0119\u017cne, prawa maj\u0105tkowe<\/li>\n\n\n\n<li>podatkiem liniowym 19% \u2013 od dzia\u0142alno\u015bci gospodarczej.<\/li>\n<\/ul>\n\n\n\n<p><strong>Jeden raz w roku sam decydujesz, komu oddasz cz\u0119\u015b\u0107 swojego podatku!<\/strong><\/p>\n\n\n\n<p><strong>Dzi\u0119kujemy za 1,5% podatku!<\/strong><\/p>\n","protected":false},"excerpt":{"rendered":"<p>Przeka\u017c 1,5% podatku dochodowego Fundacji Wspierania M\u0142odych Talent\u00f3w Podatnicy podatku dochodowego od os\u00f3b fizycznych mog\u0105 w zeznaniu rocznym pomniejszy\u0107 nale\u017cny podatek o kwot\u0119 przekazan\u0105 na rzecz organizacji po\u017cytku publicznego do wysoko\u015bci 1,5% nale\u017cnego podatku. Niewa\u017cne, ile zarabiasz i jak wysoki jest Tw\u00f3j 1,5% podatku \u2013 ka\u017cda kwota mo\u017ce pom\u00f3c Fundacji Wspierania M\u0142odych Talent\u00f3w Profesora Janusza &hellip; <a href=\"https:\/\/fwmt.pk.edu.pl\/?page_id=1100\" class=\"more-link\">Czytaj dalej <span class=\"screen-reader-text\">Rozlicz PIT<\/span> <span class=\"meta-nav\">&rarr;<\/span><\/a><\/p>\n","protected":false},"author":1,"featured_media":0,"parent":0,"menu_order":0,"comment_status":"closed","ping_status":"closed","template":"","meta":{"footnotes":""},"class_list":["post-1100","page","type-page","status-publish","hentry"],"_links":{"self":[{"href":"https:\/\/fwmt.pk.edu.pl\/index.php?rest_route=\/wp\/v2\/pages\/1100","targetHints":{"allow":["GET"]}}],"collection":[{"href":"https:\/\/fwmt.pk.edu.pl\/index.php?rest_route=\/wp\/v2\/pages"}],"about":[{"href":"https:\/\/fwmt.pk.edu.pl\/index.php?rest_route=\/wp\/v2\/types\/page"}],"author":[{"embeddable":true,"href":"https:\/\/fwmt.pk.edu.pl\/index.php?rest_route=\/wp\/v2\/users\/1"}],"replies":[{"embeddable":true,"href":"https:\/\/fwmt.pk.edu.pl\/index.php?rest_route=%2Fwp%2Fv2%2Fcomments&post=1100"}],"version-history":[{"count":2,"href":"https:\/\/fwmt.pk.edu.pl\/index.php?rest_route=\/wp\/v2\/pages\/1100\/revisions"}],"predecessor-version":[{"id":1105,"href":"https:\/\/fwmt.pk.edu.pl\/index.php?rest_route=\/wp\/v2\/pages\/1100\/revisions\/1105"}],"wp:attachment":[{"href":"https:\/\/fwmt.pk.edu.pl\/index.php?rest_route=%2Fwp%2Fv2%2Fmedia&parent=1100"}],"curies":[{"name":"wp","href":"https:\/\/api.w.org\/{rel}","templated":true}]}}

<p><h3>Przekaż 1,5% podatku dochodowego Fundacji Wspierania Młodych Talentów</h3></p>



<p>Podatnicy podatku dochodowego od osób fizycznych mogą w zeznaniu rocznym pomniejszyć należny podatek o kwotę przekazaną na rzecz organizacji pożytku publicznego do wysokości 1,5% należnego podatku.</p>



<p><br>Nieważne, ile zarabiasz i jak wysoki jest Twój 1,5% podatku – każda kwota może pomóc Fundacji Wspierania Młodych Talentów Profesora Janusza Magiery w realizowaniu statutowych celów.</p>



<p><strong>Kto ma prawo odliczyć 1,5% podatku?</strong></p>



<p>Odliczenie, które kieruje część zapłaconego przez nas podatku na rzecz organizacji pożytku publicznego, dotyczy wszystkich dochodów opodatkowanych. Z takiego przekazania części podatku skorzystać mogą więc podatnicy, opodatkowani:</p>



<ul class="wp-block-list">
<li>na zasadach ogólnych, czyli na podstawie skali podatkowej (niezależnie od źródła, np. umowy o pracę, zlecenia, praw autorskich, zbycia akcji),</li>



<li>ryczałtem od przychodów ewidencjonowanych</li>



<li>podatnicy rozliczający przychody ryczałtowe wskazane w ustawie o PIT – zbycie nieruchomości, kapitały pieniężne, prawa majątkowe</li>



<li>podatkiem liniowym 19% – od działalności gospodarczej.</li>
</ul>



<p><strong>Jeden raz w roku sam decydujesz, komu oddasz część swojego podatku!</strong></p>



<p><strong>Dziękujemy za 1,5% podatku!</strong></p>

<p>Przekaż 1,5% podatku dochodowego Fundacji Wspierania Młodych Talentów Podatnicy podatku dochodowego od osób fizycznych mogą w zeznaniu rocznym pomniejszyć należny podatek o kwotę przekazaną na rzecz organizacji pożytku publicznego do wysokości 1,5% należnego podatku. Nieważne, ile zarabiasz i jak wysoki jest Twój 1,5% podatku – każda kwota może pomóc Fundacji Wspierania Młodych Talentów Profesora Janusza &hellip; <a href="https://fwmt.pk.edu.pl/?page_id=1100" class="more-link">Czytaj dalej <span class="screen-reader-text">Rozlicz PIT</span> <span class="meta-nav">&rarr;</span></a></p>
