{"id":1054,"date":"2024-03-05T08:32:28","date_gmt":"2024-03-05T07:32:28","guid":{"rendered":"http:\/\/fwmt.pk.edu.pl\/?page_id=1054"},"modified":"2025-05-14T17:10:57","modified_gmt":"2025-05-14T15:10:57","slug":"konkurs","status":"publish","type":"page","link":"https:\/\/fwmt.pk.edu.pl\/?page_id=1054","title":{"rendered":"Konkurs"},"content":{"rendered":"\n<p><strong>Regulamin okre\u015blaj\u0105cy zasady przyznawania nagr\u00f3d dla wybitnych student\u00f3w <\/strong><br><strong>i absolwent\u00f3w studi\u00f3w<\/strong> <strong>na Politechnice Krakowskiej<\/strong><\/p>\n\n\n\n<p class=\"has-text-align-center\">\u2022<\/p>\n\n\n\n<p>1. Nagroda Fundacji Wspierania M\u0142odych Talent\u00f3w Profesora Janusza Magiery przy Politechnice Krakowskiej przyznawana jest za oryginalne, tw\u00f3rcze, nadaj\u0105ce si\u0119 do upowszechnienia pomys\u0142y w zakresie technologii energooszcz\u0119dnych i bezodpadowych, nowych metod ochrony \u015brodowiska naturalnego, poszanowania i oszcz\u0119dzania energii, odnawialnych \u017ar\u00f3de\u0142 energii oraz budownictwa pasywnego i energooszcz\u0119dnego.<\/p>\n\n\n\n<p>O nagrod\u0119 mog\u0105 ubiega\u0107 si\u0119 absolwenci studi\u00f3w I stopnia, a tak\u017ce studenci lub absolwenci II stopnia studi\u00f3w na Politechnice Krakowskiej.<\/p>\n\n\n\n<p class=\"has-text-align-center\">\u2022<\/p>\n\n\n\n<p>2. Do konkursu mog\u0105 przyst\u0105pi\u0107 osoby, kt\u00f3re nie uko\u0144czy\u0142y 25 lat \u017cycia, a maj\u0105 istotne osi\u0105gni\u0119cia w obszarze wymienionym w punkcie 1 oraz spe\u0142niaj\u0105 nast\u0119puj\u0105ce warunki:<\/p>\n\n\n\n<p>&#8211; jako absolwenci studi\u00f3w uzyskali na dyplomie ocen\u0119 bardzo dobry lub bardzo dobry z wyr\u00f3\u017cnieniem,<br>&#8211; za\u0142\u0105cz\u0105 wykaz autorskich lub wsp\u00f3\u0142autorskich publikacji, zg\u0142osze\u0144 patent\u00f3w i wzor\u00f3w u\u017cytkowych, uzyskanych patent\u00f3w i innych udokumentowanych osi\u0105gni\u0119\u0107 tw\u00f3rczych.<\/p>\n\n\n\n<p class=\"has-text-align-center\">\u2022<\/p>\n\n\n\n<p>3. Zainteresowane konkursem osoby sk\u0142adaj\u0105 wymagane dokumenty wraz z formularzem zg\u0142oszeniowym do Dziekana swojego Wydzia\u0142u, kt\u00f3ry potwierdza przedstawione dokumenty.<\/p>\n\n\n\n<p class=\"has-text-align-center\">\u2022<\/p>\n\n\n\n<p>4. Z poszczeg\u00f3lnych Wydzia\u0142\u00f3w Politechniki Krakowskiej mog\u0105 zosta\u0107 zg\u0142oszone maksymalnie po 2 kandydatury.<\/p>\n\n\n\n<p class=\"has-text-align-center\">\u2022<\/p>\n\n\n\n<p>5. Warunkiem uczestnictwa w konkursie jest dostarczenie przez Wydzia\u0142 do Dzia\u0142u Spraw Studenckich PK w nieprzekraczalnym terminie do 15 lipca w 2025 roku zg\u0142oszenia zawieraj\u0105cego:<\/p>\n\n\n\n<p>a) formularz zg\u0142oszeniowy,<br>b) kserokopie\/skany udokumentowanych osi\u0105gni\u0119\u0107 tw\u00f3rczych i pozosta\u0142ych dokument\u00f3w zgodnie z pkt 1.<\/p>\n\n\n\n<p class=\"has-text-align-center\">\u2022<\/p>\n\n\n\n<p>6. Ocena zg\u0142osze\u0144 nades\u0142anych do konkursu oraz wyb\u00f3r os\u00f3b nagrodzonych b\u0119dzie dokonany przez Zarz\u0105d Fundacji.<\/p>\n\n\n\n<p class=\"has-text-align-center\">\u2022<\/p>\n\n\n\n<p>7. Zarz\u0105d Fundacji przyznaje nagrody w ilo\u015bci 1-3, kt\u00f3re s\u0105 wr\u0119czane laureatom konkursu podczas inauguracji roku akademickiego.<\/p>\n\n\n\n<p class=\"has-text-align-center\">\u2022<\/p>\n\n\n\n<p>8. Nades\u0142ane do konkursu dokumenty nie podlegaj\u0105 zwrotowi.<\/p>\n\n\n\n<p class=\"has-text-align-center\">\u2022<\/p>\n\n\n\n<p>9. W przypadku braku odpowiednich kandydat\u00f3w, Zarz\u0105d Fundacji mo\u017ce w danym roku nie przyzna\u0107 \u017cadnej nagrody.<\/p>\n\n\n\n<p class=\"has-text-align-center\">\u2022<\/p>\n\n\n\n<p>10. Nagroda, kt\u00f3ra wi\u0105\u017ce si\u0119 z gratyfikacj\u0105 finansow\u0105, po\u0142\u0105czona jest z dyplomem podpisanym przez Prezesa Zarz\u0105du Fundacji oraz Rektora Uczelni. Nagrod\u0119 przyznaje si\u0119 jednorazowo.<\/p>\n\n\n\n<p class=\"has-text-align-center\">\u2022<\/p>\n\n\n\n<p>11. Zarz\u0105d Fundacji stosown\u0105 uchwa\u0142\u0105 mo\u017ce dokonywa\u0107 zmian w niniejszym regulaminie.<\/p>\n\n\n\n<p><a href=\"http:\/\/fwmt.pk.edu.pl\/wp-content\/uploads\/2025\/05\/1-Formularz-zgloszeniowy-do-konkursu-2025.doc\" target=\"_blank\" rel=\"noreferrer noopener\"><em><strong>Formularz zg\u0142oszeniowy do konkursu 2025 wraz z za\u0142\u0105cznikami &#8211; pobierz<\/strong><\/em><\/a><\/p>\n\n\n\n<p><\/p>\n","protected":false},"excerpt":{"rendered":"<p>Regulamin okre\u015blaj\u0105cy zasady przyznawania nagr\u00f3d dla wybitnych student\u00f3w i absolwent\u00f3w studi\u00f3w na Politechnice Krakowskiej \u2022 1. Nagroda Fundacji Wspierania M\u0142odych Talent\u00f3w Profesora Janusza Magiery przy Politechnice Krakowskiej przyznawana jest za oryginalne, tw\u00f3rcze, nadaj\u0105ce si\u0119 do upowszechnienia pomys\u0142y w zakresie technologii energooszcz\u0119dnych i bezodpadowych, nowych metod ochrony \u015brodowiska naturalnego, poszanowania i oszcz\u0119dzania energii, odnawialnych \u017ar\u00f3de\u0142 energii &hellip; <a href=\"https:\/\/fwmt.pk.edu.pl\/?page_id=1054\" class=\"more-link\">Czytaj dalej <span class=\"screen-reader-text\">Konkurs<\/span> <span class=\"meta-nav\">&rarr;<\/span><\/a><\/p>\n","protected":false},"author":1,"featured_media":0,"parent":0,"menu_order":0,"comment_status":"closed","ping_status":"closed","template":"","meta":{"footnotes":""},"class_list":["post-1054","page","type-page","status-publish","hentry"],"_links":{"self":[{"href":"https:\/\/fwmt.pk.edu.pl\/index.php?rest_route=\/wp\/v2\/pages\/1054","targetHints":{"allow":["GET"]}}],"collection":[{"href":"https:\/\/fwmt.pk.edu.pl\/index.php?rest_route=\/wp\/v2\/pages"}],"about":[{"href":"https:\/\/fwmt.pk.edu.pl\/index.php?rest_route=\/wp\/v2\/types\/page"}],"author":[{"embeddable":true,"href":"https:\/\/fwmt.pk.edu.pl\/index.php?rest_route=\/wp\/v2\/users\/1"}],"replies":[{"embeddable":true,"href":"https:\/\/fwmt.pk.edu.pl\/index.php?rest_route=%2Fwp%2Fv2%2Fcomments&post=1054"}],"version-history":[{"count":6,"href":"https:\/\/fwmt.pk.edu.pl\/index.php?rest_route=\/wp\/v2\/pages\/1054\/revisions"}],"predecessor-version":[{"id":1202,"href":"https:\/\/fwmt.pk.edu.pl\/index.php?rest_route=\/wp\/v2\/pages\/1054\/revisions\/1202"}],"wp:attachment":[{"href":"https:\/\/fwmt.pk.edu.pl\/index.php?rest_route=%2Fwp%2Fv2%2Fmedia&parent=1054"}],"curies":[{"name":"wp","href":"https:\/\/api.w.org\/{rel}","templated":true}]}}