{"id":1053,"date":"2024-03-05T08:32:28","date_gmt":"2024-03-05T07:32:28","guid":{"rendered":"http:\/\/fwmt.pk.edu.pl\/?page_id=1053"},"modified":"2026-02-24T08:33:27","modified_gmt":"2026-02-24T07:33:27","slug":"o-fundacji","status":"publish","type":"page","link":"https:\/\/fwmt.pk.edu.pl\/?page_id=1053","title":{"rendered":"O Fundacji"},"content":{"rendered":"\n<p><strong>Fundator<\/strong><\/p>\n\n\n\n<p>Za\u0142o\u017cyciel Fundacji i jej pierwszy fundator prof. dr hab. in\u017c. Janusz Magiera jest wieloletnim pracownikiem Politechniki Krakowskiej, specjalist\u0105 w zakresie in\u017cynierii chemicznej&nbsp;i procesowej. W swoim dorobku naukowym i zawodowym posiada wydane 2 monografie, ponad 120 prac naukowych opublikowanych w czasopismach krajowych i zagranicznych,&nbsp;11 patent\u00f3w oraz ponad 30 opracowa\u0144 dla przemys\u0142u.<\/p>\n\n\n\n<p>W okresie swojej pracy&nbsp;w Politechnice Krakowskiej rozwin\u0105\u0142 dwa kierunki badawcze: rerafinacja olej\u00f3w przepracowanych oraz konwersja energii s\u0142onecznej do energii cieplnej. Prof. J. Magiera posiada przy tym bogaty dorobek zawodowy potwierdzony realizacjami zar\u00f3wno w kraju,&nbsp;jak i za granic\u0105.<\/p>\n\n\n\n<p>\u00ad<strong>Rada Fundacji<\/strong><\/p>\n\n\n\n<p>prof. dr hab. in\u017c. Andrzej Szarata\u2013 Przewodnicz\u0105cy, Rektor Politechniki Krakowskiej<br>prof. dr hab. in\u017c. Kazimierz Furtak \u2013 Cz\u0142onek Rady<br>dr hab. in\u017c., prof. PK Magdalena Niemczewska-W\u00f3jcik<\/p>\n\n\n\n<p><strong>Zarz\u0105d Fundacji<\/strong><\/p>\n\n\n\n<p>prof. dr hab. in\u017c. Janusz Magiera &#8211; Prezes Zarz\u0105du Fundacji, jmagiera@pk.edu.pl<br>dr hab. in\u017c. Andrzej Laszuk, em. prof. PK \u2013 Cz\u0142onek Zarz\u0105du Fundacji, andlaszuk@wp.pl<br>dr hab. in\u017c. arch. Mariusz Twardowski, prof. PK \u2013 Cz\u0142onek Zarz\u0105du Fundacji, mariusz.twardowski@pk.edu.pl<br>dr hab. in\u017c. Ma\u0142gorzata Fedorczak-Cisak, prof. PK \u2013 Cz\u0142onek Zarz\u0105du Fundacji, malgorzata.fedorczak-cisak@pk.edu.pl<br>dr in\u017c. Sebastian Pater \u2013 Cz\u0142onek Zarz\u0105du Fundacji, sebastian.pater@pk.edu.pl<\/p>\n\n\n\n<p><strong>Cele i kierunki dzia\u0142ania Fundacji<\/strong><\/p>\n\n\n\n<ol class=\"wp-block-list\">\n<li>Wszechstronne wspieranie rozwoju intelektualnego, tw\u00f3rczego i zawodowego m\u0142odych utalentowanych os\u00f3b, kt\u00f3re wykazuj\u0105 ponadprzeci\u0119tne predyspozycje do rozwoju swojego talentu w przysz\u0142o\u015bci.<\/li>\n\n\n\n<li>Prowadzenie dzia\u0142alno\u015bci wspieraj\u0105cej rozw\u00f3j techniki, wynalazczo\u015bci i innowacyjno\u015bci&nbsp;oraz rozpowszechnianie i wdra\u017canie nowych rozwi\u0105za\u0144 technicznych w praktyce gospodarczej.<\/li>\n\n\n\n<li>Prowadzenie dzia\u0142alno\u015bci publicznej, realizuj\u0105cej cele spo\u0142eczne i gospodarczo-u\u017cyteczne na rzecz promocji i wspierania Politechniki Krakowskiej im. Tadeusza Ko\u015bciuszki oraz innych uczelni wy\u017cszych s\u0142u\u017c\u0105cych ich rozwojowi.<\/li>\n\n\n\n<li>Wspieranie wszelkich dzia\u0142a\u0144 w obszarze ochrony \u015brodowiska naturalnego,&nbsp;a w szczeg\u00f3lno\u015bci w zakresie system\u00f3w oszcz\u0119dzania energii, odnawialnych \u017ar\u00f3de\u0142 energii, budownictwa pasywnego i energooszcz\u0119dnego, technologii bezodpadowych&nbsp;i energooszcz\u0119dnych w przemy\u015ble.<\/li>\n\n\n\n<li>Inicjowanie i promowanie dzia\u0142a\u0144 i przedsi\u0119wzi\u0119\u0107 naukowych, badawczych, o\u015bwiatowych, edukacyjnych, wydawniczych i upowszechniania kultury w\u015br\u00f3d student\u00f3w i m\u0142odzie\u017cy szkolnej.<\/li>\n\n\n\n<li>Wspieranie inicjatyw, kt\u00f3rych celami statutowymi s\u0105: dzia\u0142alno\u015b\u0107 edukacyjna, naukowa, o\u015bwiatowa, kulturalna, w zakresie sportu, turystyki, ochrony \u015brodowiska, ochrony zdrowia&nbsp;i \u017cycia, dobroczynno\u015bci i pomocy spo\u0142ecznej.<\/li>\n<\/ol>\n\n\n\n<p><strong>Cz\u0142onkowie Rady i Zarz\u0105du Fundacji w 2023 roku<\/strong><\/p>\n\n\n\n<figure class=\"wp-block-image size-large\"><a href=\"https:\/\/fwmt.pk.edu.pl\/wp-content\/uploads\/2026\/02\/DSC_5834.jpg\" data-rel=\"lightbox-image-0\" data-rl_title=\"\" data-rl_caption=\"\" title=\"\"><img loading=\"lazy\" decoding=\"async\" width=\"1024\" height=\"683\" src=\"https:\/\/fwmt.pk.edu.pl\/wp-content\/uploads\/2026\/02\/DSC_5834-1024x683.jpg\" alt=\"\" class=\"wp-image-1243\" srcset=\"https:\/\/fwmt.pk.edu.pl\/wp-content\/uploads\/2026\/02\/DSC_5834-1024x683.jpg 1024w, https:\/\/fwmt.pk.edu.pl\/wp-content\/uploads\/2026\/02\/DSC_5834-300x200.jpg 300w, https:\/\/fwmt.pk.edu.pl\/wp-content\/uploads\/2026\/02\/DSC_5834-768x512.jpg 768w, https:\/\/fwmt.pk.edu.pl\/wp-content\/uploads\/2026\/02\/DSC_5834-1536x1024.jpg 1536w\" sizes=\"auto, (max-width: 1024px) 100vw, 1024px\" \/><\/a><\/figure>\n\n\n\n<p><strong>Cz\u0142onkowie Rady i Zarz\u0105du Fundacji w 2021 roku<\/strong><\/p>\n\n\n<div class=\"wp-block-image\">\n<figure class=\"aligncenter\"><a href=\"http:\/\/fwmt.pk.edu.pl\/wp-content\/uploads\/2021\/06\/DSC_5676.jpg\" data-rel=\"lightbox-image-1\" data-rl_title=\"\" data-rl_caption=\"\" title=\"\"><img loading=\"lazy\" decoding=\"async\" width=\"3303\" height=\"2202\" src=\"http:\/\/fwmt.pk.edu.pl\/wp-content\/uploads\/2021\/06\/DSC_5676.jpg\" alt=\"\" class=\"wp-image-788\"\/><\/a><\/figure>\n<\/div>\n\n\n<p><strong>Nowi i ust\u0119puj\u0105cy Cz\u0142onkowie Rady i Zarz\u0105du Fundacji w 2016 roku<\/strong><\/p>\n\n\n<div class=\"wp-block-image\">\n<figure class=\"aligncenter is-resized\"><a href=\"http:\/\/fwmt.pk.edu.pl\/wp-content\/uploads\/2014\/06\/W\u0142adze-FWMT-male.jpg\" data-rel=\"lightbox-image-2\" data-rl_title=\"\" data-rl_caption=\"\" title=\"\"><img loading=\"lazy\" decoding=\"async\" width=\"300\" height=\"199\" src=\"http:\/\/fwmt.pk.edu.pl\/wp-content\/uploads\/2014\/06\/W\u0142adze-FWMT-male-300x199.jpg\" alt=\"\" class=\"wp-image-347\" style=\"width:632px;height:auto\" srcset=\"https:\/\/fwmt.pk.edu.pl\/wp-content\/uploads\/2014\/06\/W\u0142adze-FWMT-male-300x199.jpg 300w, https:\/\/fwmt.pk.edu.pl\/wp-content\/uploads\/2014\/06\/W\u0142adze-FWMT-male.jpg 740w\" sizes=\"auto, (max-width: 300px) 100vw, 300px\" \/><\/a><\/figure>\n<\/div>","protected":false},"excerpt":{"rendered":"<p>Fundator Za\u0142o\u017cyciel Fundacji i jej pierwszy fundator prof. dr hab. in\u017c. Janusz Magiera jest wieloletnim pracownikiem Politechniki Krakowskiej, specjalist\u0105 w zakresie in\u017cynierii chemicznej&nbsp;i procesowej. W swoim dorobku naukowym i zawodowym posiada wydane 2 monografie, ponad 120 prac naukowych opublikowanych w czasopismach krajowych i zagranicznych,&nbsp;11 patent\u00f3w oraz ponad 30 opracowa\u0144 dla przemys\u0142u. W okresie swojej pracy&nbsp;w &hellip; <a href=\"https:\/\/fwmt.pk.edu.pl\/?page_id=1053\" class=\"more-link\">Czytaj dalej <span class=\"screen-reader-text\">O Fundacji<\/span> <span class=\"meta-nav\">&rarr;<\/span><\/a><\/p>\n","protected":false},"author":1,"featured_media":0,"parent":0,"menu_order":2,"comment_status":"closed","ping_status":"closed","template":"","meta":{"footnotes":""},"class_list":["post-1053","page","type-page","status-publish","hentry"],"_links":{"self":[{"href":"https:\/\/fwmt.pk.edu.pl\/index.php?rest_route=\/wp\/v2\/pages\/1053","targetHints":{"allow":["GET"]}}],"collection":[{"href":"https:\/\/fwmt.pk.edu.pl\/index.php?rest_route=\/wp\/v2\/pages"}],"about":[{"href":"https:\/\/fwmt.pk.edu.pl\/index.php?rest_route=\/wp\/v2\/types\/page"}],"author":[{"embeddable":true,"href":"https:\/\/fwmt.pk.edu.pl\/index.php?rest_route=\/wp\/v2\/users\/1"}],"replies":[{"embeddable":true,"href":"https:\/\/fwmt.pk.edu.pl\/index.php?rest_route=%2Fwp%2Fv2%2Fcomments&post=1053"}],"version-history":[{"count":7,"href":"https:\/\/fwmt.pk.edu.pl\/index.php?rest_route=\/wp\/v2\/pages\/1053\/revisions"}],"predecessor-version":[{"id":1246,"href":"https:\/\/fwmt.pk.edu.pl\/index.php?rest_route=\/wp\/v2\/pages\/1053\/revisions\/1246"}],"wp:attachment":[{"href":"https:\/\/fwmt.pk.edu.pl\/index.php?rest_route=%2Fwp%2Fv2%2Fmedia&parent=1053"}],"curies":[{"name":"wp","href":"https:\/\/api.w.org\/{rel}","templated":true}]}}

<p><strong>Fundator</strong></p>



<p>Założyciel Fundacji i jej pierwszy fundator prof. dr hab. inż. Janusz Magiera jest wieloletnim pracownikiem Politechniki Krakowskiej, specjalistą w zakresie inżynierii chemicznej&nbsp;i procesowej. W swoim dorobku naukowym i zawodowym posiada wydane 2 monografie, ponad 120 prac naukowych opublikowanych w czasopismach krajowych i zagranicznych,&nbsp;11 patentów oraz ponad 30 opracowań dla przemysłu.</p>



<p>W okresie swojej pracy&nbsp;w Politechnice Krakowskiej rozwinął dwa kierunki badawcze: rerafinacja olejów przepracowanych oraz konwersja energii słonecznej do energii cieplnej. Prof. J. Magiera posiada przy tym bogaty dorobek zawodowy potwierdzony realizacjami zarówno w kraju,&nbsp;jak i za granicą.</p>



<p>­<strong>Rada Fundacji</strong></p>



<p>prof. dr hab. inż. Andrzej Szarata– Przewodniczący, Rektor Politechniki Krakowskiej<br>prof. dr hab. inż. Kazimierz Furtak – Członek Rady<br>dr hab. inż., prof. PK Magdalena Niemczewska-Wójcik</p>



<p><strong>Zarząd Fundacji</strong></p>



<p>prof. dr hab. inż. Janusz Magiera &#8211; Prezes Zarządu Fundacji, jmagiera@pk.edu.pl<br>dr hab. inż. Andrzej Laszuk, em. prof. PK – Członek Zarządu Fundacji, andlaszuk@wp.pl<br>dr hab. inż. arch. Mariusz Twardowski, prof. PK – Członek Zarządu Fundacji, mariusz.twardowski@pk.edu.pl<br>dr hab. inż. Małgorzata Fedorczak-Cisak, prof. PK – Członek Zarządu Fundacji, malgorzata.fedorczak-cisak@pk.edu.pl<br>dr inż. Sebastian Pater – Członek Zarządu Fundacji, sebastian.pater@pk.edu.pl</p>



<p><strong>Cele i kierunki działania Fundacji</strong></p>



<ol class="wp-block-list">
<li>Wszechstronne wspieranie rozwoju intelektualnego, twórczego i zawodowego młodych utalentowanych osób, które wykazują ponadprzeciętne predyspozycje do rozwoju swojego talentu w przyszłości.</li>



<li>Prowadzenie działalności wspierającej rozwój techniki, wynalazczości i innowacyjności&nbsp;oraz rozpowszechnianie i wdrażanie nowych rozwiązań technicznych w praktyce gospodarczej.</li>



<li>Prowadzenie działalności publicznej, realizującej cele społeczne i gospodarczo-użyteczne na rzecz promocji i wspierania Politechniki Krakowskiej im. Tadeusza Kościuszki oraz innych uczelni wyższych służących ich rozwojowi.</li>



<li>Wspieranie wszelkich działań w obszarze ochrony środowiska naturalnego,&nbsp;a w szczególności w zakresie systemów oszczędzania energii, odnawialnych źródeł energii, budownictwa pasywnego i energooszczędnego, technologii bezodpadowych&nbsp;i energooszczędnych w przemyśle.</li>



<li>Inicjowanie i promowanie działań i przedsięwzięć naukowych, badawczych, oświatowych, edukacyjnych, wydawniczych i upowszechniania kultury wśród studentów i młodzieży szkolnej.</li>



<li>Wspieranie inicjatyw, których celami statutowymi są: działalność edukacyjna, naukowa, oświatowa, kulturalna, w zakresie sportu, turystyki, ochrony środowiska, ochrony zdrowia&nbsp;i życia, dobroczynności i pomocy społecznej.</li>
</ol>



<p><strong>Członkowie Rady i Zarządu Fundacji w 2023 roku</strong></p>



<figure class="wp-block-image size-large"><a href="https://fwmt.pk.edu.pl/wp-content/uploads/2026/02/DSC_5834.jpg" data-rel="lightbox-image-0" data-rl_title="" data-rl_caption="" title=""><img loading="lazy" decoding="async" width="1024" height="683" src="https://fwmt.pk.edu.pl/wp-content/uploads/2026/02/DSC_5834-1024x683.jpg" alt="" class="wp-image-1243" srcset="https://fwmt.pk.edu.pl/wp-content/uploads/2026/02/DSC_5834-1024x683.jpg 1024w, https://fwmt.pk.edu.pl/wp-content/uploads/2026/02/DSC_5834-300x200.jpg 300w, https://fwmt.pk.edu.pl/wp-content/uploads/2026/02/DSC_5834-768x512.jpg 768w, https://fwmt.pk.edu.pl/wp-content/uploads/2026/02/DSC_5834-1536x1024.jpg 1536w" sizes="auto, (max-width: 1024px) 100vw, 1024px" /></a></figure>



<p><strong>Członkowie Rady i Zarządu Fundacji w 2021 roku</strong></p>


<div class="wp-block-image">
<figure class="aligncenter"><a href="http://fwmt.pk.edu.pl/wp-content/uploads/2021/06/DSC_5676.jpg" data-rel="lightbox-image-1" data-rl_title="" data-rl_caption="" title=""><img loading="lazy" decoding="async" width="3303" height="2202" src="http://fwmt.pk.edu.pl/wp-content/uploads/2021/06/DSC_5676.jpg" alt="" class="wp-image-788"/></a></figure>
</div>


<p><strong>Nowi i ustępujący Członkowie Rady i Zarządu Fundacji w 2016 roku</strong></p>


<div class="wp-block-image">
<figure class="aligncenter is-resized"><a href="http://fwmt.pk.edu.pl/wp-content/uploads/2014/06/Władze-FWMT-male.jpg" data-rel="lightbox-image-2" data-rl_title="" data-rl_caption="" title=""><img loading="lazy" decoding="async" width="300" height="199" src="http://fwmt.pk.edu.pl/wp-content/uploads/2014/06/Władze-FWMT-male-300x199.jpg" alt="" class="wp-image-347" style="width:632px;height:auto" srcset="https://fwmt.pk.edu.pl/wp-content/uploads/2014/06/Władze-FWMT-male-300x199.jpg 300w, https://fwmt.pk.edu.pl/wp-content/uploads/2014/06/Władze-FWMT-male.jpg 740w" sizes="auto, (max-width: 300px) 100vw, 300px" /></a></figure>
</div>

<p>Fundator Założyciel Fundacji i jej pierwszy fundator prof. dr hab. inż. Janusz Magiera jest wieloletnim pracownikiem Politechniki Krakowskiej, specjalistą w zakresie inżynierii chemicznej&nbsp;i procesowej. W swoim dorobku naukowym i zawodowym posiada wydane 2 monografie, ponad 120 prac naukowych opublikowanych w czasopismach krajowych i zagranicznych,&nbsp;11 patentów oraz ponad 30 opracowań dla przemysłu. W okresie swojej pracy&nbsp;w &hellip; <a href="https://fwmt.pk.edu.pl/?page_id=1053" class="more-link">Czytaj dalej <span class="screen-reader-text">O Fundacji</span> <span class="meta-nav">&rarr;</span></a></p>
